{"id":64,"date":"2024-11-21T15:33:00","date_gmt":"2024-11-21T14:33:00","guid":{"rendered":"https:\/\/catamaran-nglocation.com\/?page_id=64"},"modified":"2025-10-18T19:59:53","modified_gmt":"2025-10-18T17:59:53","slug":"tarifs","status":"publish","type":"page","link":"https:\/\/catamaran-nglocation.com\/index.php\/tarifs\/","title":{"rendered":"Tarifs"},"content":{"rendered":"\n<p><em><strong>Location \u00e0 la journ\u00e9e de 9h30 \u00e0 17h30 \u00e0 partir de 400\u20ac &#8211; repas non fournis<\/strong><\/em><\/p>\n\n\n\n<p><em><strong>Pour toutes locations au del\u00e0 de la journ\u00e9e :                               <\/strong><\/em><\/p>\n\n\n\n<ul class=\"wp-block-list\">\n<li>les locations se font du Samedi 16h au Samedi 10h<\/li>\n\n\n\n<li>une caution de 6000 \u20ac sera laiss\u00e9e en d\u00e9but de location<\/li>\n\n\n\n<li>le bateau doit \u00eatre rendu avec le plein de GO et m\u00e9nage effectu\u00e9<\/li>\n\n\n\n<li style=\"text-decoration:underline\">5% sur les r\u00e9servations 3 mois avant le d\u00e9part, EARLY BIRDS !<\/li>\n\n\n\n<li>r\u00e9duction de 10% sur la semaine suppl\u00e9mentaire<\/li>\n\n\n\n<li>selon votre exp\u00e9rience (CV Nautique), avec ou sans skipper<\/li>\n<\/ul>\n\n\n\n<figure class=\"wp-block-image size-full\"><img loading=\"lazy\" decoding=\"async\" width=\"761\" height=\"707\" src=\"https:\/\/catamaran-nglocation.com\/wp-content\/uploads\/2025\/10\/Tarifs2026.jpg\" alt=\"\" class=\"wp-image-271\" srcset=\"https:\/\/catamaran-nglocation.com\/wp-content\/uploads\/2025\/10\/Tarifs2026.jpg 761w, https:\/\/catamaran-nglocation.com\/wp-content\/uploads\/2025\/10\/Tarifs2026-300x279.jpg 300w\" sizes=\"auto, (max-width: 761px) 100vw, 761px\" \/><\/figure>\n\n\n\n<div style=\"height:20px\" aria-hidden=\"true\" class=\"wp-block-spacer\"><\/div>\n","protected":false},"excerpt":{"rendered":"<p>Location \u00e0 la journ\u00e9e de 9h30 \u00e0 17h30 \u00e0 partir de 400\u20ac &#8211; repas non fournis Pour toutes locations au del\u00e0 de la journ\u00e9e :<\/p>\n","protected":false},"author":1,"featured_media":0,"parent":0,"menu_order":0,"comment_status":"closed","ping_status":"closed","template":"","meta":{"footnotes":""},"class_list":["post-64","page","type-page","status-publish","hentry"],"_links":{"self":[{"href":"https:\/\/catamaran-nglocation.com\/index.php\/wp-json\/wp\/v2\/pages\/64","targetHints":{"allow":["GET"]}}],"collection":[{"href":"https:\/\/catamaran-nglocation.com\/index.php\/wp-json\/wp\/v2\/pages"}],"about":[{"href":"https:\/\/catamaran-nglocation.com\/index.php\/wp-json\/wp\/v2\/types\/page"}],"author":[{"embeddable":true,"href":"https:\/\/catamaran-nglocation.com\/index.php\/wp-json\/wp\/v2\/users\/1"}],"replies":[{"embeddable":true,"href":"https:\/\/catamaran-nglocation.com\/index.php\/wp-json\/wp\/v2\/comments?post=64"}],"version-history":[{"count":15,"href":"https:\/\/catamaran-nglocation.com\/index.php\/wp-json\/wp\/v2\/pages\/64\/revisions"}],"predecessor-version":[{"id":272,"href":"https:\/\/catamaran-nglocation.com\/index.php\/wp-json\/wp\/v2\/pages\/64\/revisions\/272"}],"wp:attachment":[{"href":"https:\/\/catamaran-nglocation.com\/index.php\/wp-json\/wp\/v2\/media?parent=64"}],"curies":[{"name":"wp","href":"https:\/\/api.w.org\/{rel}","templated":true}]}}